{"id":240,"date":"2024-04-16T10:41:32","date_gmt":"2024-04-16T10:41:32","guid":{"rendered":"https:\/\/klbtheme.com\/bevesi\/?page_id=240"},"modified":"2026-02-10T00:08:27","modified_gmt":"2026-02-09T23:08:27","slug":"cart-2","status":"publish","type":"page","link":"https:\/\/www.djosbi.com\/?page_id=240","title":{"rendered":"Cart"},"content":{"rendered":"\n<p><\/p>\n\n\n\n<div class=\"woocommerce\"><div class=\"woocommerce-notices-wrapper\"><\/div>\n<div class=\"woocommerce-cart-wrapper\">\n\t<div class=\"cart-wrapper\">\n\n\t\t<form class=\"woocommerce-cart-form\" action=\"https:\/\/www.djosbi.com\/?page_id=240\" method=\"post\">\n\t\t\t\t\r\n\t\t\r\n\t\t<div class=\"klb-free-shipping woocommerce-notice site-free-shipping background-green-50 border-green-200 bg-green-50 border-green-200\">\r\n\t\t\t<div class=\"notice-header shipping-notice-header color-green-800\">\r\n\t\t\t  <i class=\"klb-icon-box\"><\/i>\r\n\t\t\t  <p>Your order qualifies for free shipping!<\/p>\r\n\t\t\t<\/div><!-- shipping-notice -->\r\n\t\t\t<div class=\"shipping-progress\">\r\n\t\t\t  <span class=\"background-green-600\" style=\"width: 100%\"><\/span>\r\n\t\t\t<\/div><!-- shipping-progress -->\r\n\t\t<\/div>\r\n\t\t\t\r\n\t\n\t\t\t<table class=\"table shop_table shop_table_responsive cart woocommerce-cart-form__contents\" cellspacing=\"0\">\n\t\t\t\t<thead>\n\t\t\t\t\t<tr>\n\t\t\t\t\t\t<th class=\"product-thumbnail\">&nbsp;<\/th>\n\t\t\t\t\t\t<th scope=\"col\" class=\"product-name\">Product<\/th>\n\t\t\t\t\t\t<th scope=\"col\" class=\"product-price\">Price<\/th>\n\t\t\t\t\t\t<th scope=\"col\" class=\"product-quantity\">Quantity<\/th>\n\t\t\t\t\t\t<th scope=\"col\" class=\"product-subtotal\">Subtotal<\/th>\n\t\t\t\t\t\t<th class=\"product-remove\">&nbsp;<\/th>\n\t\t\t\t\t<\/tr>\n\t\t\t\t<\/thead>\n\t\t\t\t<tbody>\n\t\t\t\t\t\n\t\t\t\t\t\t\t\t\t\t\t\t<tr class=\"woocommerce-cart-form__cart-item cart_item cart_item\">\n\n\t\t\t\t\t\t\t\t<td class=\"product-thumbnail\">\n\t\t\t\t\t\t\t\t<a href=\"https:\/\/www.djosbi.com\/?product=xbox-series-x-video-game-console-black\"><img fetchpriority=\"high\" decoding=\"async\" width=\"300\" height=\"300\" src=\"https:\/\/www.djosbi.com\/wp-content\/uploads\/2024\/04\/1-79-300x300.jpg\" class=\"attachment-woocommerce_thumbnail size-woocommerce_thumbnail\" alt=\"Xbox Series X Video Game Console, Black\" srcset=\"https:\/\/www.djosbi.com\/wp-content\/uploads\/2024\/04\/1-79-300x300.jpg 300w, https:\/\/www.djosbi.com\/wp-content\/uploads\/2024\/04\/1-79-54x54.jpg 54w, https:\/\/www.djosbi.com\/wp-content\/uploads\/2024\/04\/1-79-600x600.jpg 600w, https:\/\/www.djosbi.com\/wp-content\/uploads\/2024\/04\/1-79-1024x1024.jpg 1024w, https:\/\/www.djosbi.com\/wp-content\/uploads\/2024\/04\/1-79-150x150.jpg 150w, https:\/\/www.djosbi.com\/wp-content\/uploads\/2024\/04\/1-79-768x768.jpg 768w, https:\/\/www.djosbi.com\/wp-content\/uploads\/2024\/04\/1-79-1536x1536.jpg 1536w, https:\/\/www.djosbi.com\/wp-content\/uploads\/2024\/04\/1-79-450x450.jpg 450w, https:\/\/www.djosbi.com\/wp-content\/uploads\/2024\/04\/1-79.jpg 2000w\" sizes=\"(max-width: 300px) 100vw, 300px\" \/><\/a>\t\t\t\t\t\t\t\t<\/td>\n\n\t\t\t\t\t\t\t\t<td scope=\"row\" role=\"rowheader\" class=\"product-name\" data-title=\"Product\">\n\t\t\t\t\t\t\t\t<a href=\"https:\/\/www.djosbi.com\/?product=xbox-series-x-video-game-console-black\">Xbox Series X Video Game Console, Black<\/a><dl class=\"variation\">\n\t\t\t<dt class=\"variation-Vendor\">Vendor:<\/dt>\n\t\t<dd class=\"variation-Vendor\"><\/dd>\n\t<\/dl>\n\t\t\t\t\t\t\t\t<\/td>\n\n\t\t\t\t\t\t\t\t<td class=\"product-price\" data-title=\"Price\">\n\t\t\t\t\t\t\t\t\t<span class=\"woocommerce-Price-amount amount\"><bdi>381&nbsp;<span class=\"woocommerce-Price-currencySymbol\">CFA<\/span><\/bdi><\/span>\t\t\t\t\t\t\t\t<\/td>\n\n\t\t\t\t\t\t\t\t<td class=\"product-quantity\" data-title=\"Quantity\">\n\t\t\t\t\t\t\t\t<div class=\"quantity bordered\">\n\t\t<label class=\"screen-reader-text\" for=\"quantity_69e02e3be1361\">Xbox Series X Video Game Console, Black quantity<\/label>\n\t<div class=\"quantity-button minus\"><i class=\"klb-icon-minus\"><\/i><\/div>\n\t<input\n\t\ttype=\"text\"\n\t\t\t\tid=\"quantity_69e02e3be1361\"\n\t\tclass=\"input-text qty text\"\n\t\tname=\"cart[c06d06da9666a219db15cf575aff2824][qty]\"\n\t\tvalue=\"1\"\n\t\taria-label=\"Product quantity\"\n\t\t\t\tmin=\"0\"\n\t\t\t\t\tmax=\"67\"\n\t\t\t\t\t\t\tstep=\"1\"\n\t\t\tplaceholder=\"\"\n\t\t\tinputmode=\"numeric\"\n\t\t\tautocomplete=\"off\"\n\t\t\t\/>\n\t<div class=\"quantity-button plus\"><i class=\"klb-icon-plus\"><\/i><\/div>\n\t<\/div>\n\t\t\t\t\t\t\t\t<\/td>\n\n\t\t\t\t\t\t\t\t<td class=\"product-subtotal\" data-title=\"Subtotal\">\n\t\t\t\t\t\t\t\t\t<span class=\"woocommerce-Price-amount amount\"><bdi>381&nbsp;<span class=\"woocommerce-Price-currencySymbol\">CFA<\/span><\/bdi><\/span>\t\t\t\t\t\t\t\t<\/td>\n\t\t\t\t\t\t\t\t\n\t\t\t\t\t\t\t\t<td class=\"product-remove\">\n\t\t\t\t\t\t\t\t\t<a role=\"button\" href=\"https:\/\/www.djosbi.com\/?page_id=240&#038;remove_item=c06d06da9666a219db15cf575aff2824&#038;_wpnonce=08709b832c\" class=\"remove\" aria-label=\"Remove Xbox Series X Video Game Console, Black from cart\" data-product_id=\"690\" data-product_sku=\"\"><i class=\"klb-icon-x\"><\/i><\/a>\t\t\t\t\t\t\t\t<\/td>\n\t\t\t\t\t\t\t\n\t\t\t\t\t\t\t<\/tr>\n\t\t\t\t\t\t\t\n\t\t\t\t\t\n\t\t\t\t\t<tr>\n\t\t\t\t\t\t<td colspan=\"6\" class=\"actions\">\n\t\t\t\t\t\t\t<div class=\"actions-wrapper\">\n\t\t\t\t\t\t\t\t\t\t\t\t\t\t\t\t\t<div class=\"coupon\">\n\t\t\t\t\t\t\t\t\t\t<label for=\"coupon_code\">Coupon:<\/label> \n\t\t\t\t\t\t\t\t\t\t<input type=\"text\" name=\"coupon_code\" class=\"input-text\" id=\"coupon_code\" value=\"\" placeholder=\"Coupon code\" \/> \n\t\t\t\t\t\t\t\t\t\t<button type=\"submit\" class=\"button\" name=\"apply_coupon\" value=\"Apply coupon\">Apply coupon<\/button>\n\t\t\t\t\t\t\t\t\t\t\t\t\t\t\t\t\t\t\t<\/div>\n\t\t\t\t\t\t\t\t\n\t\t\t\t\t\t\t\t<button type=\"submit\" class=\"button\" name=\"update_cart\" value=\"Update cart\">Update cart<\/button>\n\n\t\t\t\t\t\t\t\t<button href=\"#\" class=\"button empty-cart-button remove-all\">Clear All<\/button>\n\t\t\t\t\t\t\t\t<input type=\"hidden\" id=\"woocommerce-cart-nonce\" name=\"woocommerce-cart-nonce\" value=\"08709b832c\" \/><input type=\"hidden\" name=\"_wp_http_referer\" value=\"\/index.php?rest_route=%2Fwp%2Fv2%2Fpages%2F240\" \/>\t\t\t\t\t\t\t<\/div>\n\t\t\t\t\t\t<\/td>\n\t\t\t\t\t<\/tr>\n\n\t\t\t\t\t\t\t\t\t<\/tbody>\n\t\t\t<\/table>\n\t\t\t\t\t<\/form>\n\n\t\t\n\t\t<div class=\"cart-collaterals\">\n\t\t\t<div class=\"cart_totals \">\n\n\t\n\t<h2>TOTAL PANIER<\/h2>\n\n\t<table cellspacing=\"0\" class=\"shop_table shop_table_responsive\">\n\n\t\t<tr class=\"cart-subtotal\">\n\t\t\t<th>Sous-total article (1)<\/th>\n\t\t\t<td data-title=\"Sous-total article (1)\"><span class=\"woocommerce-Price-amount amount\"><bdi>381&nbsp;<span class=\"woocommerce-Price-currencySymbol\">CFA<\/span><\/bdi><\/span><\/td>\n\t\t<\/tr>\n\n\t\t\n\t\t\n\t\t\t\n\t\t\t<tr class=\"woocommerce-shipping-totals shipping\">\n\t<th>Shipping:  <\/th>\n\t<td data-title=\"Shipping:  \">\n\t\t\t\t\t<ul id=\"shipping_method\" class=\"woocommerce-shipping-methods\">\n\t\t\t\t\t\t\t\t\t<li>\n\t\t\t\t\t\t<input type=\"hidden\" name=\"shipping_method[0]\" data-index=\"0\" id=\"shipping_method_0_free_shipping1\" value=\"free_shipping:1\" class=\"shipping_method\" \/><label for=\"shipping_method_0_free_shipping1\">Free shipping<\/label>\t\t\t\t\t<\/li>\n\t\t\t\t\t\t\t<\/ul>\n\t\t\t\t\t\t\t<p class=\"woocommerce-shipping-destination\">\n\t\t\t\t\tLes options de livraison seront mises \u00e0 jour lors de la commande.\t\t\t\t<\/p>\n\t\t\t\t\t\t\n\t\t\n\t\t\t\t\t\n<form class=\"woocommerce-shipping-calculator\" action=\"https:\/\/www.djosbi.com\/?page_id=240\" method=\"post\">\n\n\t<a href=\"#\" class=\"shipping-calculator-button\" aria-expanded=\"false\" aria-controls=\"shipping-calculator-form\" role=\"button\">Calculer les frais d\u2019exp\u00e9dition<\/a>\n\t<section class=\"shipping-calculator-form\" id=\"shipping-calculator-form\" style=\"display:none;\">\n\n\t\t\t\t\t<p class=\"form-row form-row-wide\" id=\"calc_shipping_country_field\">\n\t\t\t\t<label for=\"calc_shipping_country\">Pays\u00a0\/ r\u00e9gion<\/label>\n\t\t\t\t<select name=\"calc_shipping_country\" id=\"calc_shipping_country\" class=\"country_to_state country_select\" rel=\"calc_shipping_state\">\n\t\t\t\t\t<option value=\"default\">S\u00e9lectionner un pays\/r\u00e9gion\u2026<\/option>\n\t\t\t\t\t<option value=\"AF\">Afghanistan<\/option><option value=\"ZA\">Afrique du Sud<\/option><option value=\"AX\">\u00c5land Islands<\/option><option value=\"AL\">Albanie<\/option><option value=\"DZ\">Alg\u00e9rie<\/option><option value=\"DE\">Allemagne<\/option><option value=\"AS\">American Samoa<\/option><option value=\"AD\">Andorre<\/option><option value=\"AO\">Angola<\/option><option value=\"AI\">Anguilla<\/option><option value=\"AQ\">Antarctique<\/option><option value=\"AG\">Antigua-et-Barbuda<\/option><option value=\"SA\">Arabie Saoudite<\/option><option value=\"AR\">Argentine<\/option><option value=\"AM\">Arm\u00e9nie<\/option><option value=\"AW\">Aruba<\/option><option value=\"AU\">Australie<\/option><option value=\"AT\">Autriche<\/option><option value=\"AZ\">Azerbaijan<\/option><option value=\"BS\">Bahamas<\/option><option value=\"BH\">Bahrain<\/option><option value=\"BD\">Bangladesh<\/option><option value=\"BB\">Barbades<\/option><option value=\"PW\">Belau<\/option><option value=\"BE\">Belgique<\/option><option value=\"BZ\">Belize<\/option><option value=\"BJ\">Benin<\/option><option value=\"BM\">Bermudes<\/option><option value=\"BT\">Bhutan<\/option><option value=\"BY\">Bi\u00e9lorussie<\/option><option value=\"BO\">Bolivie<\/option><option value=\"BA\">Bosnie-Herz\u00e9govine<\/option><option value=\"BW\">Botswana<\/option><option value=\"BR\">Br\u00e9sil<\/option><option value=\"BN\">Brunei<\/option><option value=\"BG\">Bulgarie<\/option><option value=\"BF\">Burkina Faso<\/option><option value=\"BI\">Burundi<\/option><option value=\"KH\">Cambodge<\/option><option value=\"CM\" selected='selected'>Cameroun<\/option><option value=\"CA\">Canada<\/option><option value=\"CV\">Cap Vert<\/option><option value=\"CL\">Chili<\/option><option value=\"CN\">Chine<\/option><option value=\"CX\">Christmas Island<\/option><option value=\"CY\">Chypre<\/option><option value=\"CO\">Colombie<\/option><option value=\"KM\">Comores<\/option><option value=\"CG\">Congo (Brazzaville)<\/option><option value=\"CD\">Congo (Kinshasa)<\/option><option value=\"KP\">Cor\u00e9e du Nord<\/option><option value=\"KR\">Cor\u00e9e du Sud<\/option><option value=\"CR\">Costa Rica<\/option><option value=\"CI\">C\u00f4te-d\u2019Ivoire<\/option><option value=\"HR\">Croatie<\/option><option value=\"CU\">Cuba<\/option><option value=\"CW\">Cura\u00e7ao<\/option><option value=\"DK\">Danemark<\/option><option value=\"DJ\">Djibouti<\/option><option value=\"DM\">Dominique<\/option><option value=\"EG\">\u00c9gypte<\/option><option value=\"AE\">\u00c9mirats Arabes Unis<\/option><option value=\"EC\">\u00c9quateur<\/option><option value=\"ER\">Erythr\u00e9e<\/option><option value=\"ES\">Espagne<\/option><option value=\"EE\">Estonie<\/option><option value=\"SZ\">Eswatini<\/option><option value=\"US\">Etats-Unis (USA)<\/option><option value=\"ET\">\u00c9thiopie<\/option><option value=\"FJ\">Fidji<\/option><option value=\"FI\">Finlande<\/option><option value=\"FR\">France<\/option><option value=\"GA\">Gabon<\/option><option value=\"GM\">Gambie<\/option><option value=\"GE\">G\u00e9orgie<\/option><option value=\"GS\">G\u00e9orgie du Sud \/ \u00eeles Sandwich<\/option><option value=\"GH\">Ghana<\/option><option value=\"GI\">Gibraltar<\/option><option value=\"GR\">Gr\u00e8ce<\/option><option value=\"GD\">Grenade<\/option><option value=\"GL\">Groenland<\/option><option value=\"GP\">Guadeloupe<\/option><option value=\"GU\">Guam<\/option><option value=\"GT\">Guatemala<\/option><option value=\"GG\">Guernesey<\/option><option value=\"GN\">Guin\u00e9e<\/option><option value=\"GQ\">Guin\u00e9e \u00e9quatoriale<\/option><option value=\"GW\">Guin\u00e9e-Bissau<\/option><option value=\"GY\">Guyane<\/option><option value=\"GF\">Guyane Fran\u00e7aise<\/option><option value=\"HT\">Ha\u00efti<\/option><option value=\"HN\">Honduras<\/option><option value=\"HK\">Hong Kong<\/option><option value=\"HU\">Hongrie<\/option><option value=\"BV\">\u00cele Bouvet<\/option><option value=\"IM\">\u00cele de Man<\/option><option value=\"NF\">\u00cele Norfolk<\/option><option value=\"KY\">\u00celes Ca\u00efmans<\/option><option value=\"CC\">\u00celes Cocos<\/option><option value=\"CK\">\u00celes Cook<\/option><option value=\"FK\">\u00celes Falkland<\/option><option value=\"FO\">\u00celes F\u00e9ro\u00e9<\/option><option value=\"HM\">\u00celes Heard-et-MacDonald<\/option><option value=\"MH\">\u00celes Marshall<\/option><option value=\"UM\">\u00celes Mineures \u00e9loign\u00e9es des \u00c9tats-Unis<\/option><option value=\"SB\">\u00celes Salomon<\/option><option value=\"TC\">\u00celes Turques et Ca\u00efques<\/option><option value=\"IN\">Inde<\/option><option value=\"ID\">Indon\u00e9sie<\/option><option value=\"IR\">Iran<\/option><option value=\"IQ\">Iraq<\/option><option value=\"IE\">Irlande<\/option><option value=\"IS\">Islande<\/option><option value=\"IL\">Isra\u00ebl<\/option><option value=\"IT\">Italie<\/option><option value=\"JM\">Jama\u00efque<\/option><option value=\"JP\">Japon<\/option><option value=\"JE\">Jersey<\/option><option value=\"JO\">Jordanie<\/option><option value=\"KZ\">Kazakhstan<\/option><option value=\"KE\">Kenya<\/option><option value=\"KI\">Kiribati<\/option><option value=\"XK\">Kosovo<\/option><option value=\"KW\">Kowe\u00eft<\/option><option value=\"KG\">Kyrgyzstan<\/option><option value=\"RE\">La R\u00e9union<\/option><option value=\"LA\">Laos<\/option><option value=\"LS\">Lesotho<\/option><option value=\"LV\">Lettonie<\/option><option value=\"LB\">Liban<\/option><option value=\"LR\">Liberia<\/option><option value=\"LY\">Libye<\/option><option value=\"LI\">Liechtenstein<\/option><option value=\"LT\">Lituanie<\/option><option value=\"LU\">Luxembourg<\/option><option value=\"MO\">Macao<\/option><option value=\"MK\">Mac\u00e9doine du Nord<\/option><option value=\"MG\">Madagascar<\/option><option value=\"MY\">Malaisie<\/option><option value=\"MW\">Malawi<\/option><option value=\"MV\">Maldives<\/option><option value=\"ML\">Mali<\/option><option value=\"MT\">Malte<\/option><option value=\"MA\">Maroc<\/option><option value=\"MQ\">Martinique<\/option><option value=\"MU\">Maurice<\/option><option value=\"MR\">Mauritanie<\/option><option value=\"YT\">Mayotte<\/option><option value=\"MX\">Mexique<\/option><option value=\"FM\">Micron\u00e9sie<\/option><option value=\"MD\">Moldavie<\/option><option value=\"MC\">Monaco<\/option><option value=\"MN\">Mongolie<\/option><option value=\"ME\">Montenegro<\/option><option value=\"MS\">Montserrat<\/option><option value=\"MZ\">Mozambique<\/option><option value=\"MM\">Myanmar<\/option><option value=\"NA\">Namibie<\/option><option value=\"NR\">Nauru<\/option><option value=\"NP\">N\u00e9pal<\/option><option value=\"NI\">Nicaragua<\/option><option value=\"NE\">Niger<\/option><option value=\"NG\">Nigeria<\/option><option value=\"NU\">Niue<\/option><option value=\"MP\">Northern Mariana Islands<\/option><option value=\"NO\">Norv\u00e8ge<\/option><option value=\"NC\">Nouvelle-Cal\u00e9donie<\/option><option value=\"NZ\">Nouvelle-Z\u00e9lande<\/option><option value=\"OM\">Oman<\/option><option value=\"PK\">Pakistan<\/option><option value=\"PA\">Panama<\/option><option value=\"PG\">Papouasie-Nouvelle-Guin\u00e9e<\/option><option value=\"PY\">Paraguay<\/option><option value=\"NL\">Pays-Bas<\/option><option value=\"PE\">P\u00e9rou<\/option><option value=\"PH\">Philippines<\/option><option value=\"PN\">Pitcairn<\/option><option value=\"PL\">Pologne<\/option><option value=\"PF\">Polyn\u00e9sie Fran\u00e7aise<\/option><option value=\"PT\">Portugal<\/option><option value=\"PR\">Puerto Rico<\/option><option value=\"QA\">Qatar<\/option><option value=\"CF\">R\u00e9publique Centrafricaine<\/option><option value=\"DO\">R\u00e9publique Dominicaine<\/option><option value=\"CZ\">R\u00e9publique Tch\u00e8que<\/option><option value=\"RO\">Roumanie<\/option><option value=\"GB\">Royaume-Uni (UK)<\/option><option value=\"RU\">Russie<\/option><option value=\"RW\">Rwanda<\/option><option value=\"BQ\">Saba, Saint-Eustache et Bonaire<\/option><option value=\"EH\">Sahara occidental<\/option><option value=\"BL\">Saint Barth\u00e9lemy<\/option><option value=\"PM\">Saint Pierre et Miquelon<\/option><option value=\"KN\">Saint-Kitts-et-Nevis<\/option><option value=\"MF\">Saint-Martin (partie fran\u00e7aise)<\/option><option value=\"SX\">Saint-Martin (partie n\u00e9erlandaise)<\/option><option value=\"VC\">Saint-Vincent-et-les-Grenadines<\/option><option value=\"SH\">Sainte-H\u00e9l\u00e8ne<\/option><option value=\"LC\">Sainte-Lucie<\/option><option value=\"SV\">Salvador<\/option><option value=\"WS\">Samoa<\/option><option value=\"SM\">San Marino<\/option><option value=\"ST\">Sao Tom\u00e9-et-Principe<\/option><option value=\"SN\">S\u00e9n\u00e9gal<\/option><option value=\"RS\">Serbie<\/option><option value=\"SC\">Seychelles<\/option><option value=\"SL\">Sierra Leone<\/option><option value=\"SG\">Singapour<\/option><option value=\"SK\">Slovaquie<\/option><option value=\"SI\">Slov\u00e9nie<\/option><option value=\"SO\">Somalie<\/option><option value=\"SD\">Soudan<\/option><option value=\"SS\">Soudan du Sud<\/option><option value=\"LK\">Sri Lanka<\/option><option value=\"SE\">Su\u00e8de<\/option><option value=\"CH\">Suisse<\/option><option value=\"SR\">Suriname<\/option><option value=\"SJ\">Svalbard et Jan Mayen<\/option><option value=\"SY\">Syrie<\/option><option value=\"TW\">Taiwan<\/option><option value=\"TJ\">Tajikistan<\/option><option value=\"TZ\">Tanzanie<\/option><option value=\"TD\">Tchad<\/option><option value=\"TF\">Terres Australes Fran\u00e7aises<\/option><option value=\"IO\">Territoire britannique de l\u2019oc\u00e9an Indien<\/option><option value=\"PS\">Territoire Palestinien<\/option><option value=\"TH\">Thailande<\/option><option value=\"TL\">Timor oriental<\/option><option value=\"TG\">Togo<\/option><option value=\"TK\">Tokelau<\/option><option value=\"TO\">Tonga<\/option><option value=\"TT\">Trinit\u00e9-et-Tobago<\/option><option value=\"TN\">Tunisie<\/option><option value=\"TM\">Turkm\u00e9nistan<\/option><option value=\"TR\">Turquie<\/option><option value=\"TV\">Tuvalu<\/option><option value=\"UG\">Uganda<\/option><option value=\"UA\">Ukraine<\/option><option value=\"UY\">Uruguay<\/option><option value=\"UZ\">Uzbekistan<\/option><option value=\"VU\">Vanuatu<\/option><option value=\"VA\">Vatican<\/option><option value=\"VE\">Venezuela<\/option><option value=\"VN\">Vietnam<\/option><option value=\"VG\">Virgin Islands (British)<\/option><option value=\"VI\">Virgin Islands (US)<\/option><option value=\"WF\">Wallis et Futuna<\/option><option value=\"YE\">Yemen<\/option><option value=\"ZM\">Zambie<\/option><option value=\"ZW\">Zimbabwe<\/option>\t\t\t\t<\/select>\n\t\t\t<\/p>\n\t\t\n\t\t\t\t\t<p class=\"form-row form-row-wide\" id=\"calc_shipping_state_field\">\n\t\t\t\t\t\t\t\t\t<label for=\"calc_shipping_state\">R\u00e9gion\u00a0\/\u00a0D\u00e9partement<\/label>\n\t\t\t\t\t<input type=\"text\" class=\"input-text\" value=\"\" name=\"calc_shipping_state\" id=\"calc_shipping_state\" \/>\n\t\t\t\t\t\t\t\t<\/p>\n\t\t\n\t\t\t\t\t<p class=\"form-row form-row-wide\" id=\"calc_shipping_city_field\">\n\t\t\t\t<label for=\"calc_shipping_city\">Ville\u00a0:<\/label>\n\t\t\t\t<input type=\"text\" class=\"input-text\" value=\"\" name=\"calc_shipping_city\" id=\"calc_shipping_city\" \/>\n\t\t\t<\/p>\n\t\t\n\t\t\t\t\t<p class=\"form-row form-row-wide\" id=\"calc_shipping_postcode_field\">\n\t\t\t\t<label for=\"calc_shipping_postcode\">Code postal<\/label>\n\t\t\t\t<input type=\"text\" class=\"input-text\" value=\"\" name=\"calc_shipping_postcode\" id=\"calc_shipping_postcode\" \/>\n\t\t\t<\/p>\n\t\t\n\t\t<p><button type=\"submit\" name=\"calc_shipping\" value=\"1\" class=\"button\">Mettre \u00e0 jour<\/button><\/p>\n\t\t<input type=\"hidden\" id=\"woocommerce-shipping-calculator-nonce\" name=\"woocommerce-shipping-calculator-nonce\" value=\"143b3c335c\" \/><input type=\"hidden\" name=\"_wp_http_referer\" value=\"\/index.php?rest_route=%2Fwp%2Fv2%2Fpages%2F240\" \/>\t<\/section>\n<\/form>\n\n\t\t\t<\/td>\n<\/tr>\n\n\t\t\t\n\t\t\n\t\t\n\t\t\n\t\t<tr class=\"cpc-cart-shipping-row\"><th>Livraison :<\/th><td><span class=\"amount\">0 cfa<\/span><\/td><\/tr><tr class=\"cpc-cart-delivery-hint\"><td colspan=\"2\"><div class=\"cpc-cart-delivery-collapsed\"><p>Les frais de livraison seront mises a jour lors du choix de la livraison<\/p><a href=\"#\" class=\"cpc-cart-choose-delivery\">Choisir ma livraison<\/a><\/div><div class=\"cpc-cart-delivery-form\" style=\"display:none;\"><div class=\"cpc-cart-step-field\"><span class=\"cpc-cart-step-inline-label\">Ville :<\/span><select id=\"cpc-cart-step-city\" class=\"cpc-input cpc-cart-step-select\"><option value=\"\">Choisir ma ville<\/option><option value=\"\"  selected='selected'>S\u00e9lectionner une ville<\/option><option value=\"Douala\" >Douala<\/option><option value=\"Yaounde\" >Yaounde<\/option><\/select><\/div><div class=\"cpc-cart-step-field\"><span class=\"cpc-cart-step-inline-label\">Quartier :<\/span><select id=\"cpc-cart-step-quartier\" class=\"cpc-input cpc-cart-step-select\"><option value=\"\">Choisir mon quartier<\/option><option value=\"\"  selected='selected'>S\u00e9lectionner un quartier<\/option><\/select><\/div><div class=\"cpc-cart-step-field cpc-cart-step-method-wrap\" style=\"display:none;\"><span class=\"cpc-cart-step-inline-label\">M\u00e9thode :<\/span><select id=\"cpc-cart-step-method\" class=\"cpc-input cpc-cart-step-select\"><option value=\"\">Choisir ma m\u00e9thode<\/option><\/select><\/div><\/div><\/td><\/tr>\n\t\t<tr class=\"order-total\">\n\t\t\t<th>Total<\/th>\n\t\t\t<td data-title=\"Total\"><strong><span class=\"woocommerce-Price-amount amount\"><bdi>381&nbsp;<span class=\"woocommerce-Price-currencySymbol\">CFA<\/span><\/bdi><\/span><\/strong> <\/td>\n\t\t<\/tr>\n\n\t\t\n\t<\/table>\n\n\t<div class=\"wc-proceed-to-checkout\">\n\t\t\n<a href=\"https:\/\/www.djosbi.com\/?page_id=2823\" class=\"checkout-button button alt wc-forward\">\n\tValider la commande<\/a>\n\t<\/div>\n\n\t\n<\/div>\n\t\t<\/div>\n\n\t<\/div>\n<\/div>\n\n<script>\r\n\t\r\n\tvar timeout;\r\n\t\r\n    jQuery(document).ready(function($) {\r\n\r\n\t\tvar timeout;\r\n\r\n\t\t$('.woocommerce').on('change', 'input.qty', function(){\r\n\r\n\t\t\tif ( timeout !== undefined ) {\r\n\t\t\t\tclearTimeout( timeout );\r\n\t\t\t}\r\n\r\n\t\t\ttimeout = setTimeout(function() {\r\n\t\t\t\t$(\"[name='update_cart']\").trigger(\"click\");\r\n\t\t\t}, 1000 ); \/\/ 1 second delay, half a second (500) seems comfortable too\r\n\r\n\t\t});\r\n\r\n    });\r\n    <\/script><\/div>\n","protected":false},"excerpt":{"rendered":"","protected":false},"author":1,"featured_media":0,"parent":0,"menu_order":0,"comment_status":"closed","ping_status":"closed","template":"","meta":{"footnotes":""},"class_list":["post-240","page","type-page","status-publish","hentry"],"_links":{"self":[{"href":"https:\/\/www.djosbi.com\/index.php?rest_route=\/wp\/v2\/pages\/240","targetHints":{"allow":["GET"]}}],"collection":[{"href":"https:\/\/www.djosbi.com\/index.php?rest_route=\/wp\/v2\/pages"}],"about":[{"href":"https:\/\/www.djosbi.com\/index.php?rest_route=\/wp\/v2\/types\/page"}],"author":[{"embeddable":true,"href":"https:\/\/www.djosbi.com\/index.php?rest_route=\/wp\/v2\/users\/1"}],"replies":[{"embeddable":true,"href":"https:\/\/www.djosbi.com\/index.php?rest_route=%2Fwp%2Fv2%2Fcomments&post=240"}],"version-history":[{"count":1,"href":"https:\/\/www.djosbi.com\/index.php?rest_route=\/wp\/v2\/pages\/240\/revisions"}],"predecessor-version":[{"id":2806,"href":"https:\/\/www.djosbi.com\/index.php?rest_route=\/wp\/v2\/pages\/240\/revisions\/2806"}],"wp:attachment":[{"href":"https:\/\/www.djosbi.com\/index.php?rest_route=%2Fwp%2Fv2%2Fmedia&parent=240"}],"curies":[{"name":"wp","href":"https:\/\/api.w.org\/{rel}","templated":true}]}}